{"id":7873,"date":"2024-05-28T09:28:42","date_gmt":"2024-05-28T07:28:42","guid":{"rendered":"https:\/\/benvitec.be\/a-propos-de-benvitec\/histoire\/"},"modified":"2025-02-26T11:39:32","modified_gmt":"2025-02-26T10:39:32","slug":"histoire","status":"publish","type":"page","link":"https:\/\/benvitec.be\/fr\/a-propos-de-benvitec\/histoire\/","title":{"rendered":"Histoire"},"content":{"rendered":"\t\t<div data-elementor-type=\"wp-page\" data-elementor-id=\"7873\" class=\"elementor elementor-7873 elementor-3099\" data-elementor-post-type=\"page\">\n\t\t\t\t<div class=\"elementor-element elementor-element-4dc2092 e-flex e-con-boxed parallax_section_no qode_elementor_container_no e-con e-parent\" data-id=\"4dc2092\" data-element_type=\"container\" data-e-type=\"container\" data-settings=\"{&quot;background_background&quot;:&quot;classic&quot;}\">\n\t\t\t\t\t<div class=\"e-con-inner\">\n\t\t<div class=\"elementor-element elementor-element-ec30155 e-flex e-con-boxed parallax_section_no qode_elementor_container_no e-con e-child\" data-id=\"ec30155\" data-element_type=\"container\" data-e-type=\"container\" data-settings=\"{&quot;background_background&quot;:&quot;classic&quot;}\">\n\t\t\t\t\t<div class=\"e-con-inner\">\n\t\t<div class=\"elementor-element elementor-element-4c5991d e-flex e-con-boxed parallax_section_no qode_elementor_container_no e-con e-child\" data-id=\"4c5991d\" data-element_type=\"container\" data-e-type=\"container\" data-settings=\"{&quot;background_background&quot;:&quot;classic&quot;}\">\n\t\t\t\t\t<div class=\"e-con-inner\">\n\t\t\t\t<div class=\"elementor-element elementor-element-dfd1b2f elementor-widget elementor-widget-heading\" data-id=\"dfd1b2f\" data-element_type=\"widget\" data-e-type=\"widget\" data-widget_type=\"heading.default\">\n\t\t\t\t<div class=\"elementor-widget-container\">\n\t\t\t\t\t<h1 class=\"elementor-heading-title elementor-size-default\">Histoire<\/h1>\t\t\t\t<\/div>\n\t\t\t\t<\/div>\n\t\t\t\t\t<\/div>\n\t\t\t\t<\/div>\n\t\t\t\t\t<\/div>\n\t\t\t\t<\/div>\n\t\t<div class=\"elementor-element elementor-element-4ca2364 e-con-full e-flex parallax_section_no qode_elementor_container_no e-con e-child\" data-id=\"4ca2364\" data-element_type=\"container\" data-e-type=\"container\" data-settings=\"{&quot;background_background&quot;:&quot;classic&quot;}\">\n\t\t\t\t<\/div>\n\t\t\t\t\t<\/div>\n\t\t\t\t<\/div>\n\t\t<div class=\"elementor-element elementor-element-9fc1fe5 e-flex e-con-boxed parallax_section_no qode_elementor_container_no e-con e-parent\" data-id=\"9fc1fe5\" data-element_type=\"container\" data-e-type=\"container\" data-settings=\"{&quot;background_background&quot;:&quot;classic&quot;}\">\n\t\t\t\t\t<div class=\"e-con-inner\">\n\t\t\t\t<div class=\"elementor-element elementor-element-cc099a5 elementor-widget elementor-widget-bridge_workflow\" data-id=\"cc099a5\" data-element_type=\"widget\" data-e-type=\"widget\" data-widget_type=\"bridge_workflow.default\">\n\t\t\t\t<div class=\"elementor-widget-container\">\n\t\t\t\t\t\n        <div class=\"qode-workflow \">\n            <span class=\"main-line\" style=\"background-color:#9ABEAA;\"><\/span>\n            <div class=\"qode-workflow-item\">\n    <span class=\"line\" style=\"background-color:#9ABEAA;\"><\/span>\n    <div class=\"qode-workflow-item-inner \">\n        <div class=\"qode-workflow-image center\">\n                    <\/div>\n        <div class=\"qode-workflow-text\">\n            <span class=\"circle\" style=\"border-color:#9ABEAA;background-color:#9ABEAA;\"><\/span>\n                            <h3>Avant 1992<\/h3>\n                                        <h6 class=\"qode-workflow-subtitle\">Collaboration entre la mine de charbon de Campine et Smet Boring pour d\u00e9velopper des solutions mini\u00e8res.<\/h6>\n                                <\/div>\n    <\/div>\n<\/div><div class=\"qode-workflow-item\">\n    <span class=\"line\" style=\"background-color:#9ABEAA;\"><\/span>\n    <div class=\"qode-workflow-item-inner \">\n        <div class=\"qode-workflow-image center\">\n            <img fetchpriority=\"high\" decoding=\"async\" width=\"1920\" height=\"1280\" src=\"https:\/\/benvitec.be\/wp-content\/uploads\/2024\/05\/parallax-waarden.jpg\" class=\"attachment-full size-full\" alt=\"\" srcset=\"https:\/\/benvitec.be\/wp-content\/uploads\/2024\/05\/parallax-waarden.jpg 1920w, https:\/\/benvitec.be\/wp-content\/uploads\/2024\/05\/parallax-waarden-300x200.jpg 300w, https:\/\/benvitec.be\/wp-content\/uploads\/2024\/05\/parallax-waarden-1024x683.jpg 1024w, https:\/\/benvitec.be\/wp-content\/uploads\/2024\/05\/parallax-waarden-768x512.jpg 768w, https:\/\/benvitec.be\/wp-content\/uploads\/2024\/05\/parallax-waarden-1536x1024.jpg 1536w, https:\/\/benvitec.be\/wp-content\/uploads\/2024\/05\/parallax-waarden-700x467.jpg 700w\" sizes=\"(max-width: 1920px) 100vw, 1920px\">        <\/div>\n        <div class=\"qode-workflow-text\">\n            <span class=\"circle\" style=\"border-color:#9ABEAA;background-color:#9ABEAA;\"><\/span>\n                            <h3>1992<\/h3>\n                                        <h6 class=\"qode-workflow-subtitle\">Cr\u00e9ation de Benvitec<\/h6>\n                                        <p class=\"text\">Apr\u00e8s la fermeture des mines de charbon de Campine, la famille Smet reprend les activit\u00e9s et fonde Belgian Environmental Technics. <br><br>Benvitec commence par l'installation de membranes en plastique sur les d\u00e9charges afin de pr\u00e9venir la contamination des sols. <br><br> Partant de l'id\u00e9e que la pose de membranes serait une application temporaire, Benvitec explore de nouvelles solutions en s\u2019appuyant sur son expertise en puits de percolation et de d\u00e9gazage en plastique ainsi qu\u2019en canalisations de drainage. Cela m\u00e8ne \u00e0 la cr\u00e9ation du d\u00e9partement technologies plastiques, avec un accent sur les r\u00e9servoirs de stockage et de process r\u00e9sistants aux produits chimiques ainsi que sur les r\u00e9seaux de canalisations en plastique. <\/p>\n                    <\/div>\n    <\/div>\n<\/div><div class=\"qode-workflow-item\">\n    <span class=\"line\" style=\"background-color:#9ABEAA;\"><\/span>\n    <div class=\"qode-workflow-item-inner \">\n        <div class=\"qode-workflow-image center\">\n                    <\/div>\n        <div class=\"qode-workflow-text\">\n            <span class=\"circle\" style=\"border-color:#9ABEAA;background-color:#9ABEAA;\"><\/span>\n                            <h3>1995<\/h3>\n                                        <h6 class=\"qode-workflow-subtitle\">Expansion \u00e0 Fleurus<\/h6>\n                                        <p class=\"text\">Ouverture d'un bureau \u00e0 Fleurus.<\/p>\n                    <\/div>\n    <\/div>\n<\/div><div class=\"qode-workflow-item\">\n    <span class=\"line\" style=\"background-color:#9ABEAA;\"><\/span>\n    <div class=\"qode-workflow-item-inner \">\n        <div class=\"qode-workflow-image center\">\n            <img decoding=\"async\" width=\"1920\" height=\"1280\" src=\"https:\/\/benvitec.be\/wp-content\/uploads\/2024\/05\/demister-parallax.jpg\" class=\"attachment-full size-full\" alt=\"\" srcset=\"https:\/\/benvitec.be\/wp-content\/uploads\/2024\/05\/demister-parallax.jpg 1920w, https:\/\/benvitec.be\/wp-content\/uploads\/2024\/05\/demister-parallax-300x200.jpg 300w, https:\/\/benvitec.be\/wp-content\/uploads\/2024\/05\/demister-parallax-1024x683.jpg 1024w, https:\/\/benvitec.be\/wp-content\/uploads\/2024\/05\/demister-parallax-768x512.jpg 768w, https:\/\/benvitec.be\/wp-content\/uploads\/2024\/05\/demister-parallax-1536x1024.jpg 1536w, https:\/\/benvitec.be\/wp-content\/uploads\/2024\/05\/demister-parallax-700x467.jpg 700w\" sizes=\"(max-width: 1920px) 100vw, 1920px\">        <\/div>\n        <div class=\"qode-workflow-text\">\n            <span class=\"circle\" style=\"border-color:#9ABEAA;background-color:#9ABEAA;\"><\/span>\n                            <h3>2002<\/h3>\n                                        <h6 class=\"qode-workflow-subtitle\">Traitement de l&#039;air<\/h6>\n                                        <p class=\"text\">Benvitec approfondit son expertise en traitement de l\u2019air et de l\u2019eau et lance son propre m\u00e9dia filtrant BlueFil\u00ae, une marque d\u00e9pos\u00e9e.<\/p>\n                    <\/div>\n    <\/div>\n<\/div><div class=\"qode-workflow-item\">\n    <span class=\"line\" style=\"background-color:#9ABEAA;\"><\/span>\n    <div class=\"qode-workflow-item-inner \">\n        <div class=\"qode-workflow-image center\">\n                    <\/div>\n        <div class=\"qode-workflow-text\">\n            <span class=\"circle\" style=\"border-color:#9ABEAA;background-color:#9ABEAA;\"><\/span>\n                            <h3>2004<\/h3>\n                                        <h6 class=\"qode-workflow-subtitle\">Protection incendie<\/h6>\n                                        <p class=\"text\">Extension vers la protection incendie.<br>Benvitec lance une nouvelle activit\u00e9 Fire Protection et ouvre un bureau \u00e0 Kruibeke (aujourd\u2019hui Beveren). <\/p>\n                    <\/div>\n    <\/div>\n<\/div><div class=\"qode-workflow-item\">\n    <span class=\"line\" style=\"background-color:#9ABEAA;\"><\/span>\n    <div class=\"qode-workflow-item-inner \">\n        <div class=\"qode-workflow-image center\">\n                    <\/div>\n        <div class=\"qode-workflow-text\">\n            <span class=\"circle\" style=\"border-color:#9ABEAA;background-color:#9ABEAA;\"><\/span>\n                            <h3>2008<\/h3>\n                                        <h6 class=\"qode-workflow-subtitle\">Rev\u00eatements de sol<\/h6>\n                                        <p class=\"text\">Benvitec \u00e9largit son offre avec des solutions de rev\u00eatement de sol industriel.<\/p>\n                    <\/div>\n    <\/div>\n<\/div><div class=\"qode-workflow-item\">\n    <span class=\"line\" style=\"background-color:#9ABEAA;\"><\/span>\n    <div class=\"qode-workflow-item-inner \">\n        <div class=\"qode-workflow-image center\">\n                    <\/div>\n        <div class=\"qode-workflow-text\">\n            <span class=\"circle\" style=\"border-color:#9ABEAA;background-color:#9ABEAA;\"><\/span>\n                            <h3>2009<\/h3>\n                                        <h6 class=\"qode-workflow-subtitle\">HVAC<\/h6>\n                                        <p class=\"text\">Ajout des syst\u00e8mes HVAC \u00e0 l\u2019offre de Benvitec.<\/p>\n                    <\/div>\n    <\/div>\n<\/div><div class=\"qode-workflow-item\">\n    <span class=\"line\" style=\"background-color:#9ABEAA;\"><\/span>\n    <div class=\"qode-workflow-item-inner \">\n        <div class=\"qode-workflow-image left\">\n            <img decoding=\"async\" width=\"400\" height=\"267\" src=\"https:\/\/benvitec.be\/wp-content\/uploads\/2024\/05\/CAFE_DE_BICKEL-01-400-1.jpg\" class=\"attachment-full size-full\" alt=\"\" srcset=\"https:\/\/benvitec.be\/wp-content\/uploads\/2024\/05\/CAFE_DE_BICKEL-01-400-1.jpg 400w, https:\/\/benvitec.be\/wp-content\/uploads\/2024\/05\/CAFE_DE_BICKEL-01-400-1-300x200.jpg 300w\" sizes=\"(max-width: 400px) 100vw, 400px\">        <\/div>\n        <div class=\"qode-workflow-text\">\n            <span class=\"circle\" style=\"border-color:#9ABEAA;background-color:#9ABEAA;\"><\/span>\n                            <h3>2020<\/h3>\n                                        <h6 class=\"qode-workflow-subtitle\">Retour aux sources<\/h6>\n                                        <p class=\"text\">Benvitec revient \u00e0 sa mission fondamentale : \"Laisser le monde dans un meilleur \u00e9tat que nous l'avons trouv\u00e9\".L\u2019entreprise se recentre pleinement sur la protection incendie, le traitement de l'air et les technologies plastiques.<br>Benvitec adopte une nouvelle identit\u00e9 visuelle qui refl\u00e8te \u00e0 la fois son pass\u00e9 et son avenir :<br> Noir \u2013 Un hommage aux origines mini\u00e8res.<br> Vert \u2013 L\u2019engagement envers un avenir plus durable.    <\/p>\n                    <\/div>\n    <\/div>\n<\/div>        <\/div>\n\n        \t\t\t\t<\/div>\n\t\t\t\t<\/div>\n\t\t\t\t\t<\/div>\n\t\t\t\t<\/div>\n\t\t\t\t<\/div>\n\t\t","protected":false},"excerpt":{"rendered":"<p>Histoire Avant 1992 Collaboration entre la mine de charbon de Campine et Smet Boring pour d\u00e9velopper des solutions mini\u00e8res. 1992 Cr\u00e9ation de Benvitec Apr\u00e8s la fermeture des mines de charbon de Campine, la famille Smet reprend les activit\u00e9s et fonde Belgian Environmental Technics. Benvitec commence&#8230;<\/p>\n","protected":false},"author":1,"featured_media":0,"parent":7845,"menu_order":50,"comment_status":"closed","ping_status":"closed","template":"full_width.php","meta":{"content-type":"","footnotes":""},"class_list":["post-7873","page","type-page","status-publish","hentry"],"_links":{"self":[{"href":"https:\/\/benvitec.be\/fr\/wp-json\/wp\/v2\/pages\/7873","targetHints":{"allow":["GET"]}}],"collection":[{"href":"https:\/\/benvitec.be\/fr\/wp-json\/wp\/v2\/pages"}],"about":[{"href":"https:\/\/benvitec.be\/fr\/wp-json\/wp\/v2\/types\/page"}],"author":[{"embeddable":true,"href":"https:\/\/benvitec.be\/fr\/wp-json\/wp\/v2\/users\/1"}],"replies":[{"embeddable":true,"href":"https:\/\/benvitec.be\/fr\/wp-json\/wp\/v2\/comments?post=7873"}],"version-history":[{"count":2,"href":"https:\/\/benvitec.be\/fr\/wp-json\/wp\/v2\/pages\/7873\/revisions"}],"predecessor-version":[{"id":7881,"href":"https:\/\/benvitec.be\/fr\/wp-json\/wp\/v2\/pages\/7873\/revisions\/7881"}],"up":[{"embeddable":true,"href":"https:\/\/benvitec.be\/fr\/wp-json\/wp\/v2\/pages\/7845"}],"wp:attachment":[{"href":"https:\/\/benvitec.be\/fr\/wp-json\/wp\/v2\/media?parent=7873"}],"curies":[{"name":"wp","href":"https:\/\/api.w.org\/{rel}","templated":true}]}}

<div data-elementor-type="wp-page" data-elementor-id="7873" class="elementor elementor-7873 elementor-3099" data-elementor-post-type="page">
				<div class="elementor-element elementor-element-4dc2092 e-flex e-con-boxed parallax_section_no qode_elementor_container_no e-con e-parent" data-id="4dc2092" data-element_type="container" data-e-type="container" data-settings="{&quot;background_background&quot;:&quot;classic&quot;}">
					<div class="e-con-inner">
		<div class="elementor-element elementor-element-ec30155 e-flex e-con-boxed parallax_section_no qode_elementor_container_no e-con e-child" data-id="ec30155" data-element_type="container" data-e-type="container" data-settings="{&quot;background_background&quot;:&quot;classic&quot;}">
					<div class="e-con-inner">
		<div class="elementor-element elementor-element-4c5991d e-flex e-con-boxed parallax_section_no qode_elementor_container_no e-con e-child" data-id="4c5991d" data-element_type="container" data-e-type="container" data-settings="{&quot;background_background&quot;:&quot;classic&quot;}">
					<div class="e-con-inner">
				<div class="elementor-element elementor-element-dfd1b2f elementor-widget elementor-widget-heading" data-id="dfd1b2f" data-element_type="widget" data-e-type="widget" data-widget_type="heading.default">
				<div class="elementor-widget-container">
					<h1 class="elementor-heading-title elementor-size-default">Histoire</h1>				</div>
				</div>
					</div>
				</div>
					</div>
				</div>
		<div class="elementor-element elementor-element-4ca2364 e-con-full e-flex parallax_section_no qode_elementor_container_no e-con e-child" data-id="4ca2364" data-element_type="container" data-e-type="container" data-settings="{&quot;background_background&quot;:&quot;classic&quot;}">
				</div>
					</div>
				</div>
		<div class="elementor-element elementor-element-9fc1fe5 e-flex e-con-boxed parallax_section_no qode_elementor_container_no e-con e-parent" data-id="9fc1fe5" data-element_type="container" data-e-type="container" data-settings="{&quot;background_background&quot;:&quot;classic&quot;}">
					<div class="e-con-inner">
				<div class="elementor-element elementor-element-cc099a5 elementor-widget elementor-widget-bridge_workflow" data-id="cc099a5" data-element_type="widget" data-e-type="widget" data-widget_type="bridge_workflow.default">
				<div class="elementor-widget-container">
					
        <div class="qode-workflow ">
            <span class="main-line" style="background-color:#9ABEAA;"></span>
            <div class="qode-workflow-item">
    <span class="line" style="background-color:#9ABEAA;"></span>
    <div class="qode-workflow-item-inner ">
        <div class="qode-workflow-image center">
                    </div>
        <div class="qode-workflow-text">
            <span class="circle" style="border-color:#9ABEAA;background-color:#9ABEAA;"></span>
                            <h3>Avant 1992</h3>
                                        <h6 class="qode-workflow-subtitle">Collaboration entre la mine de charbon de Campine et Smet Boring pour développer des solutions minières.</h6>
                                </div>
    </div>
</div><div class="qode-workflow-item">
    <span class="line" style="background-color:#9ABEAA;"></span>
    <div class="qode-workflow-item-inner ">
        <div class="qode-workflow-image center">
            <img fetchpriority="high" decoding="async" width="1920" height="1280" src="https://benvitec.be/wp-content/uploads/2024/05/parallax-waarden.jpg" class="attachment-full size-full" alt="" srcset="https://benvitec.be/wp-content/uploads/2024/05/parallax-waarden.jpg 1920w, https://benvitec.be/wp-content/uploads/2024/05/parallax-waarden-300x200.jpg 300w, https://benvitec.be/wp-content/uploads/2024/05/parallax-waarden-1024x683.jpg 1024w, https://benvitec.be/wp-content/uploads/2024/05/parallax-waarden-768x512.jpg 768w, https://benvitec.be/wp-content/uploads/2024/05/parallax-waarden-1536x1024.jpg 1536w, https://benvitec.be/wp-content/uploads/2024/05/parallax-waarden-700x467.jpg 700w" sizes="(max-width: 1920px) 100vw, 1920px">        </div>
        <div class="qode-workflow-text">
            <span class="circle" style="border-color:#9ABEAA;background-color:#9ABEAA;"></span>
                            <h3>1992</h3>
                                        <h6 class="qode-workflow-subtitle">Création de Benvitec</h6>
                                        <p class="text">Après la fermeture des mines de charbon de Campine, la famille Smet reprend les activités et fonde Belgian Environmental Technics. <br><br>Benvitec commence par l'installation de membranes en plastique sur les décharges afin de prévenir la contamination des sols. <br><br> Partant de l'idée que la pose de membranes serait une application temporaire, Benvitec explore de nouvelles solutions en s’appuyant sur son expertise en puits de percolation et de dégazage en plastique ainsi qu’en canalisations de drainage. Cela mène à la création du département technologies plastiques, avec un accent sur les réservoirs de stockage et de process résistants aux produits chimiques ainsi que sur les réseaux de canalisations en plastique. </p>
                    </div>
    </div>
</div><div class="qode-workflow-item">
    <span class="line" style="background-color:#9ABEAA;"></span>
    <div class="qode-workflow-item-inner ">
        <div class="qode-workflow-image center">
                    </div>
        <div class="qode-workflow-text">
            <span class="circle" style="border-color:#9ABEAA;background-color:#9ABEAA;"></span>
                            <h3>1995</h3>
                                        <h6 class="qode-workflow-subtitle">Expansion à Fleurus</h6>
                                        <p class="text">Ouverture d'un bureau à Fleurus.</p>
                    </div>
    </div>
</div><div class="qode-workflow-item">
    <span class="line" style="background-color:#9ABEAA;"></span>
    <div class="qode-workflow-item-inner ">
        <div class="qode-workflow-image center">
            <img decoding="async" width="1920" height="1280" src="https://benvitec.be/wp-content/uploads/2024/05/demister-parallax.jpg" class="attachment-full size-full" alt="" srcset="https://benvitec.be/wp-content/uploads/2024/05/demister-parallax.jpg 1920w, https://benvitec.be/wp-content/uploads/2024/05/demister-parallax-300x200.jpg 300w, https://benvitec.be/wp-content/uploads/2024/05/demister-parallax-1024x683.jpg 1024w, https://benvitec.be/wp-content/uploads/2024/05/demister-parallax-768x512.jpg 768w, https://benvitec.be/wp-content/uploads/2024/05/demister-parallax-1536x1024.jpg 1536w, https://benvitec.be/wp-content/uploads/2024/05/demister-parallax-700x467.jpg 700w" sizes="(max-width: 1920px) 100vw, 1920px">        </div>
        <div class="qode-workflow-text">
            <span class="circle" style="border-color:#9ABEAA;background-color:#9ABEAA;"></span>
                            <h3>2002</h3>
                                        <h6 class="qode-workflow-subtitle">Traitement de l&#039;air</h6>
                                        <p class="text">Benvitec approfondit son expertise en traitement de l’air et de l’eau et lance son propre média filtrant BlueFil®, une marque déposée.</p>
                    </div>
    </div>
</div><div class="qode-workflow-item">
    <span class="line" style="background-color:#9ABEAA;"></span>
    <div class="qode-workflow-item-inner ">
        <div class="qode-workflow-image center">
                    </div>
        <div class="qode-workflow-text">
            <span class="circle" style="border-color:#9ABEAA;background-color:#9ABEAA;"></span>
                            <h3>2004</h3>
                                        <h6 class="qode-workflow-subtitle">Protection incendie</h6>
                                        <p class="text">Extension vers la protection incendie.<br>Benvitec lance une nouvelle activité Fire Protection et ouvre un bureau à Kruibeke (aujourd’hui Beveren). </p>
                    </div>
    </div>
</div><div class="qode-workflow-item">
    <span class="line" style="background-color:#9ABEAA;"></span>
    <div class="qode-workflow-item-inner ">
        <div class="qode-workflow-image center">
                    </div>
        <div class="qode-workflow-text">
            <span class="circle" style="border-color:#9ABEAA;background-color:#9ABEAA;"></span>
                            <h3>2008</h3>
                                        <h6 class="qode-workflow-subtitle">Revêtements de sol</h6>
                                        <p class="text">Benvitec élargit son offre avec des solutions de revêtement de sol industriel.</p>
                    </div>
    </div>
</div><div class="qode-workflow-item">
    <span class="line" style="background-color:#9ABEAA;"></span>
    <div class="qode-workflow-item-inner ">
        <div class="qode-workflow-image center">
                    </div>
        <div class="qode-workflow-text">
            <span class="circle" style="border-color:#9ABEAA;background-color:#9ABEAA;"></span>
                            <h3>2009</h3>
                                        <h6 class="qode-workflow-subtitle">HVAC</h6>
                                        <p class="text">Ajout des systèmes HVAC à l’offre de Benvitec.</p>
                    </div>
    </div>
</div><div class="qode-workflow-item">
    <span class="line" style="background-color:#9ABEAA;"></span>
    <div class="qode-workflow-item-inner ">
        <div class="qode-workflow-image left">
            <img decoding="async" width="400" height="267" src="https://benvitec.be/wp-content/uploads/2024/05/CAFE_DE_BICKEL-01-400-1.jpg" class="attachment-full size-full" alt="" srcset="https://benvitec.be/wp-content/uploads/2024/05/CAFE_DE_BICKEL-01-400-1.jpg 400w, https://benvitec.be/wp-content/uploads/2024/05/CAFE_DE_BICKEL-01-400-1-300x200.jpg 300w" sizes="(max-width: 400px) 100vw, 400px">        </div>
        <div class="qode-workflow-text">
            <span class="circle" style="border-color:#9ABEAA;background-color:#9ABEAA;"></span>
                            <h3>2020</h3>
                                        <h6 class="qode-workflow-subtitle">Retour aux sources</h6>
                                        <p class="text">Benvitec revient à sa mission fondamentale : "Laisser le monde dans un meilleur état que nous l'avons trouvé".L’entreprise se recentre pleinement sur la protection incendie, le traitement de l'air et les technologies plastiques.<br>Benvitec adopte une nouvelle identité visuelle qui reflète à la fois son passé et son avenir :<br> Noir – Un hommage aux origines minières.<br> Vert – L’engagement envers un avenir plus durable.    </p>
                    </div>
    </div>
</div>        </div>

        				</div>
				</div>
					</div>
				</div>
				</div>

<p>Histoire Avant 1992 Collaboration entre la mine de charbon de Campine et Smet Boring pour développer des solutions minières. 1992 Création de Benvitec Après la fermeture des mines de charbon de Campine, la famille Smet reprend les activités et fonde Belgian Environmental Technics. Benvitec commence&#8230;</p>
